 in base 10?
2488
3333333 (base 5) to base 12
29aa9
-2c7 (base 15) to base 12
-451
Convert -11000000101 (base 2) to base 9.
-2102
What is 11111111010 (base 2) in base 6?
13242
Convert 7ab5 (base 13) to base 4.
10031001
Convert -177007 (base 8) to base 5.
-4040111
What is -13444 (base 11) in base 5?
-1103131
What is 6255 (base 11) in base 5?
231123
-5270 (base 13) to base 16
-2c96
Convert -4525 (base 15) to base 13.
-6899
2008 (base 9) to base 8
2672
What is -770 (base 9) in base 10?
-630
What is -44141 (base 5) in base 4?
-233212
1945 (base 12) to base 6
22125
What is -42b (base 13) in base 16?
-2c9
Convert 915 (base 14) to base 2.
11011110111
What is -146 (base 8) in base 12?
-86
Convert 1001110110100 (base 2) to base 10.
5044
What is -201 (base 5) in base 3?
-1220
Convert c0 (base 16) to base 14.
da
What is 16250 (base 9) in base 4?
2232012
What is -1bac (base 16) in base 10?
-7084
What is -54 (base 16) in base 7?
-150
Convert 123752 (base 8) to base 14.
11946
Convert 663 (base 7) to base 13.
201
What is 10d81 (base 15) in base 10?
53671
What is 5321 (base 7) in base 4?
131111
15241 (base 9) to base 4
2202211
What is 3220033 (base 4) in base 16?
3a0f
Convert 177c (base 16) to base 10.
6012
-11100001010101 (base 2) to base 4
-3201111
9c (base 13) to base 12
a9
What is 23a8 (base 13) in base 15?
175e
-12112211 (base 3) to base 13
-1ac2
What is 221122 (base 3) in base 11?
57a
Convert 1114 (base 6) to base 15.
127
53563 (base 8) to base 7
122161
Convert -2b26 (base 14) to base 11.
-5850
What is 210402 (base 6) in base 5?
1020434
What is 10110 (base 8) in base 2?
1000001001000
Convert -5236 (base 7) to base 4.
-130300
210 (base 4) to base 15
26
What is -22104 (base 5) in base 13?
-908
542 (base 15) to base 8
2243
Convert 1421 (base 6) to base 14.
1c9
-11012220 (base 3) to base 5
-44300
Convert -3670 (base 14) to base 4.
-2110202
What is 211012 (base 3) in base 14?
30b
What is -1039 (base 10) in base 11?
-865
What is 2373 (base 11) in base 4?
300201
Convert 60411 (base 7) to base 15.
44e0
What is -34 (base 9) in base 12?
-27
Convert 451535 (base 6) to base 5.
2204003
What is -194 (base 13) in base 3?
-101202
What is 4203 (base 7) in base 2?
10111000001
What is 7936 (base 15) in base 3?
1022020220
1219 (base 11) to base 12
b09
-1539 (base 10) to base 2
-11000000011
What is -11983 (base 10) in base 3?
-121102211
Convert 23e7 (base 15) to base 6.
55214
Convert -11002 (base 16) to base 3.
-10112112001
637 (base 9) to base 8
1010
Convert 11010011 (base 2) to base 8.
323
Convert 4012 (base 7) to base 3.
1220011
Convert -10011010 (base 2) to base 14.
-b0
What is 202 (base 3) in base 13?
17
302 (base 8) to base 11
167
What is -48120 (base 10) in base 5?
-3014440
What is -2c66 (base 16) in base 9?
-16528
What is -13103 (base 4) in base 13?
-29c
Convert 19716 (base 10) to base 7.
111324
What is -13244 (base 6) in base 2?
-11111111100
What is 1250 (base 12) in base 14?
a84
What is -1230 (base 8) in base 9?
-817
Convert 20024 (base 5) to base 16.
4f0
1201 (base 7) to base 5
3232
What is 40002 (base 5) in base 7?
10203
83aa (base 12) to base 14
5358
What is 1101000110111 (base 2) in base 16?
1a37
Convert -3632b (base 12) to base 13.
-27329
What is -173a7 (base 11) in base 15?
-7393
Convert 131111 (base 7) to base 14.
8c78
Convert 30033 (base 5) to base 11.
1471
Convert 10000011110010 (base 2) to base 15.
2774
What is 11204 (base 7) in base 12?
1792
-25815 (base 11) to base 12
-19449
-215 (base 9) to base 10
-176
What is -985 (base 15) in base 11?
-1685
What is -101131 (base 4) in base 12?
-791
What is 10312323 (base 4) in base 10?
19899
Convert 321 (base 12) to base 13.
292
111211201 (base 3) to base 10
10090
What is 1517 (base 12) in base 7?
10123
436 (base 9) to base 5
2412
Convert 6494 (base 12) to base 13.
5056
What is -100001000000111 (base 2) in base 14?
-6235
Convert -1306 (base 8) to base 11.
-596
Convert -642 (base 11) to base 12.
-544
Convert 1561e (base 15) to base 14.
1b15d
What is 100100110011110 (base 2) in base 16?
499e
What is -202111 (base 3) in base 5?
-4203
Convert 6415 (base 11) to base 12.
4ab2
1b3 (base 13) to base 14
187
4ab (base 16) to base 3
1122021
-835 (base 14) to base 2
-11001001111
What is 4052 (base 8) in base 9?
2772
-471 (base 13) to base 16
-300
What is -448 (base 13) in base 16?
-2e0
Convert 11011010 (base 3) to base 12.
1903
What is -a0 (base 13) in base 12?
-aa
-122122 (base 3) to base 2
-111011100
Convert -1013 (base 10) to base 11.
-841
What is -11011011010110 (base 2) in base 16?
-36d6
-305 (base 16) to base 7
-2153
Convert -169 (base 14) to base 15.
-144
What is -16923 (base 11) in base 7?
-126134
Convert 23433 (base 6) to base 11.
2616
Convert -101010101000 (base 2) to base 5.
-41403
2a2 (base 12) to base 5
3120
-11111110000101 (base 2) to base 5
-1010021
c2 (base 13) to base 6
422
Convert -455 (base 6) to base 3.
-20122
-1495 (base 16) to base 7
-21235
-2d0 (base 15) to base 2
-1010000101
3822 (base 11) to base 15
1725
Convert 271 (base 12) to base 9.
454
Convert 1210 (base 3) to base 15.
33
What is 20104 (base 5) in base 11?
a63
25135 (base 6) to base 2
111010010011
What is -233120 (base 5) in base 14?
-3179
-3f7 (base 16) to base 14
-527
-7732 (base 9) to base 6
-42215
Convert -2131 (base 6) to base 3.
-200001
-c0 (base 16) to base 8
-300
What is 917 (base 16) in base 6?
14435
What is -271d (base 14) in base 6?
-51515
What is 480 (base 10) in base 9?
583
61511 (base 8) to base 9
37771
Convert -8953 (base 15) to base 9.
-43826
Convert 15591 (base 14) to base 6.
1050255
4301 (base 8) to base 5
32431
What is 110102221 (base 3) in base 5?
242240
Convert -10000001001 (base 2) to base 9.
-1367
-9a2 (base 16) to base 8
-4642
What is 213134 (base 7) in base 10?
37118
What is 4033 (base 5) in base 9?
635
What is -385b (base 13) in base 16?
-1f53
Convert -5e8f (base 16) to base 9.
-36176
What is a17b (base 14) in base 12?
14081
What is 237 (base 15) in base 8?
766
What is b682 (base 14) in base 6?
401414
-7b9b (base 14) to base 9
-32440
What is 1a016 (base 11) in base 10?
27968
What is 3302 (base 4) in base 14?
134
Convert 41766 (base 9) to base 15.
82a0
What is -322433 (base 7) in base 3?
-2211222212
What is -1388b (base 15) in base 8?
-172331
24301 (base 5) to base 3
2111122
Convert -2525 (base 10) to base 8.
-4735
What is -22102 (base 7) in base 9?
-7534
Convert -11207 (base 9) to base 11.
-5671
Convert 200332 (base 4) to base 11.
1649
What is -693 (base 12) in base 4?
-33033
Convert -47 (base 9) to base 11.
-3a
What is -140 (base 16) in base 4?
-11000
Convert 24043 (base 5) to base 10.
1773
What is -4122 (base 6) in base 4?
-32102
What is -26 (base 7) in base 2?
-10100
What is 6561 (base 7) in base 2?
100100101010
22902 (base 10) to base 13
a569
-13341 (base 7) to base 10
-3606
What is 547 (base 14) in base 9?
1378
-58eb (base 15) to base 12
-ab28
9d (base 16) to base 15
a7
-161460 (base 7) to base 10
-31794
Convert -3354 (base 6) to base 9.
-1067
Convert 3012 (base 10) to base 5.
44022
What is 403221 (base 5) in base 15?
3c76
-25201 (base 7) to base 9
-10061
Convert 58 (base 13) to base 7.
133
-6317 (base 12) to base 7
-43354
What is 4104 (base 5) in base 16?
211
What is -1a979 (base 11) in base 9?
-43852
What is -1100022 (base 6) in base 16?
-d4ae
11572 (base 15) to base 10
55232
Convert -6f9d (base 16) to base 5.
-1403243
Convert 4473 (base 15) to base 4.
3202230
Convert b845 (base 16) to base 7.
254350
-25283 (base 10) to base 14
-92dd
11051 (base 6) to base 8
3007
Convert 67261 (base 9) to base 4.
22322032
22000112 (base 3) to base 6
43022
10011100111 (base 2) to base 6
5451
200a (base 12) to base 5
102331
1328 (base 9) to base 11
828
What is 52 (base 10) in base 5?
202
Convert -6933 (base 10) to base 2.
-1101100010101
Convert 12133 (base 7) to base 14.
121a
What is -363 (base 10) in base 14?
-1bd
What is -221010 (base 3) in base 15?
-303
-4260 (base 14) to base 15
-35d7
Convert -75 (base 16) to base 15.
-7c
What is -550 (base 12) in base 4?
-30030
Convert -686a (base 11) to base 9.
-13343
What is -762 (base 11) in base 3?
-1020220
What is 242114 (base 6) in base 11?
14a36
What is -300012 (base 4) in base 13?
-152a
Convert 3330 (base 5) to base 9.
566
Convert 42a (base 11) to base 6.
2220
What is -14838 (base 9